base 6
-4515523
What is 8c8f09 (base 16) in base 13?
1ba6ab0
What is -531576 (base 8) in base 16?
-2b37e
What is 132032210333 (base 4) in base 9?
15816648
-c4307 (base 13) to base 10
-352034
1813573 (base 11) to base 7
35113342
-2163074 (base 8) to base 11
-369208
What is 936108 (base 12) in base 7?
25440104
1122112101220 (base 3) to base 14
18b62c
Convert -101110010101011 (base 2) to base 9.
-35478
2144031 (base 7) to base 16
403bf
3224124 (base 6) to base 3
22002010221
1001110011000000 (base 2) to base 16
9cc0
What is 62288 (base 12) in base 13?
464c6
Convert 1867883 (base 12) to base 13.
10a0b98
-128e8a (base 15) to base 6
-31032321
Convert 93497a (base 11) to base 5.
340444012
103103012 (base 4) to base 5
10012141
-7b84 (base 13) to base 6
-212150
What is aad720 (base 14) in base 10?
5799472
Convert -1100202002 (base 3) to base 11.
-19141
What is -25666203 (base 7) in base 6?
-122232150
Convert 11002111000 (base 3) to base 11.
5556a
Convert 230110422 (base 5) to base 15.
15210c
Convert -83102 (base 9) to base 7.
-315434
What is 213485 (base 11) in base 13?
bc47b
Convert -33001101313 (base 4) to base 2.
-1111000001010001110111
-420224 (base 14) to base 12
-8b5808
663171 (base 10) to base 3
1020200200220
Convert 2210021202 (base 3) to base 9.
83252
120bbb (base 16) to base 15
185636
-10000002 (base 4) to base 3
-211110220
Convert 102853 (base 12) to base 5.
31103003
Convert -306a024 (base 11) to base 4.
-110222032321
Convert -333725 (base 8) to base 13.
-3c334
20b854 (base 15) to base 5
344322004
What is 9b7829 (base 13) in base 3?
20220120211021
-154331624 (base 7) to base 15
-da9ccb
Convert 110100010001111100 (base 2) to base 12.
a3b10
What is -63a831 (base 12) in base 7?
-16242646
What is 1156b (base 12) in base 7?
124556
What is 2458179 (base 11) in base 2?
10000010010110100011010
13aa336 (base 12) to base 2
1111000110001101011010
Convert 134441440 (base 7) to base 8.
41403101
Convert 1532110 (base 6) to base 9.
146276
Convert -112065612 (base 7) to base 12.
-235a456
Convert -1a313 (base 13) to base 6.
-1032210
Convert 263284 (base 13) to base 9.
1653321
What is 2198903 (base 11) in base 10?
3847682
Convert 57673 (base 14) to base 7.
1543503
Convert 1fdb (base 16) to base 8.
17733
-5513133 (base 6) to base 15
-56376
Convert 1773624 (base 11) to base 8.
13357306
Convert 3839626 (base 12) to base 6.
1032204050
What is 2013533 (base 6) in base 16?
174e1
What is 10321133002 (base 4) in base 5?
312042114
Convert 2110231320 (base 4) to base 16.
94b78
Convert -1112554 (base 7) to base 2.
-100001101001100011
Convert 12100001200020 (base 3) to base 9.
5301606
Convert 363266 (base 13) to base 4.
10323133202
Convert -316230 (base 10) to base 7.
-2454645
-23567552 (base 9) to base 6
-1050254415
-13356630 (base 7) to base 12
-4ba409
What is 64064153 (base 7) in base 8?
24551007
Convert -a0318 (base 11) to base 15.
-2d762
Convert -71461461 (base 8) to base 3.
-1001102002111010
-62aa37 (base 11) to base 10
-1010148
What is 40410124 (base 5) in base 14?
8697a
55143 (base 8) to base 10
23139
Convert -105517 (base 13) to base 15.
-787cd
145334553 (base 6) to base 13
832305
What is -2381 (base 16) in base 14?
-3453
-210112011202020 (base 3) to base 13
-24a6a10
What is 5c041 (base 14) in base 10?
225065
Convert 2092733 (base 12) to base 11.
352a474
10500777 (base 8) to base 12
9108a7
What is -5160244 (base 7) in base 11?
-393562
Convert 7a9a42 (base 11) to base 15.
1a6502
Convert 9a728 (base 11) to base 13.
51585
-10010000010001010111 (base 2) to base 15
-ba15a
Convert 13622021 (base 7) to base 14.
255711
-104203 (base 15) to base 11
-489016
Convert 39a78 (base 14) to base 5.
14021020
What is 123a8 (base 11) in base 5?
1032114
-63606 (base 13) to base 5
-21211402
1120201000 (base 3) to base 12
16023
Convert 10348 (base 12) to base 4.
11023220
Convert 482984 (base 11) to base 16.
bacf7
Convert -5242205 (base 9) to base 3.
-12021102020012
-32213011333 (base 4) to base 14
-719b79
Convert -42430 (base 7) to base 4.
-2210023
What is -3559 (base 12) in base 11?
-4540
What is -10b9a06 (base 15) in base 12?
-4018b43
Convert -4133a7 (base 13) to base 10.
-1520968
What is -85eb1f (base 16) in base 6?
-512035503
1126960 (base 10) to base 9
2106807
What is 420042 (base 8) in base 4?
202000202
Convert 392b8 (base 14) to base 9.
233648
What is -375206 (base 10) in base 5?
-44001311
Convert 48c1a (base 14) to base 13.
63029
What is 17446202 (base 8) in base 16?
3e4c82
2120001011 (base 3) to base 5
3102312
Convert 98578 (base 11) to base 7.
1134136
Convert 3a0e3c (base 15) to base 3.
12020121211210
What is -34775 (base 12) in base 3?
-10120022122
Convert 404912 (base 10) to base 15.
7ee92
-7574752 (base 8) to base 4
-13233213222
Convert -505 (base 15) to base 16.
-46a
What is 31133200 (base 4) in base 13?
1c201
What is 192baa (base 12) in base 11?
28105a
-425750 (base 8) to base 14
-39c12
-5258266 (base 10) to base 3
-100220010222121
Convert 70444540 (base 8) to base 15.
147e0b5
198411 (base 10) to base 8
603413
Convert -1351501 (base 10) to base 13.
-384208
115341013 (base 6) to base 9
4155370
Convert -1321cc (base 15) to base 7.
-10543413
-12021111112 (base 3) to base 12
-5014b
133322011 (base 5) to base 9
1250507
Convert -103582 (base 10) to base 11.
-70906
Convert -1129690 (base 10) to base 13.
-307273
1102043330 (base 5) to base 10
2377965
-21367332 (base 9) to base 11
-5909022
What is 1233710 (base 8) in base 13?
bc858
What is -51052 (base 10) in base 5?
-3113202
What is 11101101000001 (base 2) in base 4?
3231001
Convert 133604655 (base 7) to base 12.
2ab1579
Convert 3111030012 (base 4) to base 5.
210420342
What is -42574 (base 10) in base 9?
-64354
103122111 (base 5) to base 7
3521041
What is -20200111322 (base 4) in base 16?
-22057a
Convert 185825 (base 11) to base 8.
1056205
Convert 1042205 (base 6) to base 5.
3133344
1354104 (base 7) to base 8
542374
96a95 (base 13) to base 15
55913
What is -210411113 (base 5) in base 2?
-11010101000011010010
What is -126265265 (base 7) in base 4?
-133022003231
What is 8a918c (base 13) in base 3?
20011102211210
-10122002010120 (base 3) to base 6
-105213240
-111402155 (base 6) to base 3
-10211112100122
-17247227 (base 8) to base 15
-5456e5
What is -15156509 (base 10) in base 9?
-31460735
Convert -118ccca (base 13) to base 10.
-5455148
Convert 2328041 (base 10) to base 12.
9432b5
What is 43732 (base 13) in base 5?
12401214
What is -79834 (base 12) in base 2?
-100111100001101000
-1214023 (base 5) to base 9
-34510
16d443 (base 14) to base 4
3010133203
-443728 (base 13) to base 10
-1607224
5b7c5 (base 14) to base 11
143173
Convert 11310312 (base 5) to base 7.
611501
Convert -1503203 (base 8) to base 11.
-272334
c890d (base 16) to base 3
1112201220120
2110103011 (base 4) to base 12
253631
Convert -428833 (base 9) to base 11.
-165231
What is -527650 (base 8) in base 16?
-2afa8
Convert -110202020101 (base 3) to base 16.
-3d444
-101101101100010 (base 3) to base 10
-5518776
Convert 41354254 (base 7) to base 10.
3475756
What is -30022310 (base 4) in base 3?
-2112101002
-20102200021 (base 3) to base 9
-212607
Convert 83b96d (base 15) to base 9.
12710454
Convert 11450204 (base 6) to base 3.
200111122211
What is -46d15 (base 14) in base 10?
-172695
What is -342043130 (base 5) in base 15?
-1eee10
Convert -1131230213 (base 4) to base 8.
-1355447
22df81 (base 16) to base 6
120552425
What is 2000211010 (base 3) in base 13?
15261
What is 105283 (base 10) in base 13?
38bc9
-134252252 (base 6) to base 9
-5117855
Convert -10011041422 (base 5) to base 15.
-cec192
100112 (base 5) to base 9
4287
Convert 686b9 (base 12) to base 16.
21fed
-1133103020 (base 4) to base 2
-1011111010011001000
Convert 66555 (base 8) to base 4.
12311231
33323030 (base 5) to base 2
1000111010110101001
Convert -1683280 (base 9) to base 5.
-220100034
Convert 239492 (base 13) to base 6.
30105445
What is -4204 (base 6) in base 13?
-574
What is -35bb2 (base 16) in base 13?
-79235
Convert -40d93 (base 14) to base 9.
-257412
Convert 201022030122 (base 4) to base 5.
4211130011
What is -14443630 (base 9) in base 7?
-114656040
Convert 1232100303 (base 4) to base 11.
289358
-25457134 (base 8) to base 2
-10101100101111001011100
What is 1612b (base 14) in base 13?
1c118
Convert 600b51 (